 What is z(0)?
204
Let n(h) = 70563*h - 352748. Calculate n(5).
67
Let q(t) = -7*t**2 + 212*t - 1053. Calculate q(6).
-33
Let k(u) = -3*u**3 + 12*u**2 - 341*u + 1024. Give k(3).
28
Let p(r) = -r**2 - 766*r + 1947124. Give p(-1830).
4
Let h(o) = -18*o**2 + 68*o + 7105. Determine h(-18).
49
Let x(p) = -2*p**3 - 202*p**2 - 9*p - 1230. Calculate x(-101).
-321
Let s(p) = -13*p**3 - 122*p**2 + p + 118. Give s(-9).
-296
Let t(m) = 87*m**3 + 404*m**2 - 22*m + 64. What is t(-5)?
-601
Let v(f) = -6*f**3 - 27*f**2 - 39*f + 3. Give v(5).
-1617
Let r(q) = 14*q**2 + 216*q + 789. Give r(-6).
-3
Let q(x) = x**3 + 83*x**2 - 1598*x - 12551. Give q(-98).
-7
Let h(i) = i**3 - 91*i**2 - 2761*i - 274. Calculate h(115).
-389
Let n(s) = s**2 - 473*s - 11315. What is n(-24)?
613
Let m(c) = c**2 - 210*c + 3495. Calculate m(19).
-134
Let w(o) = o**3 - 150*o**2 + 731*o - 587. Give w(145).
283
Let a(v) = -5959*v + 292307. Determine a(49).
316
Let p(y) = -y**3 - 350*y**2 + 1492*y + 152856. Determine p(-353).
7
Let a(v) = -282853*v - 4242787. What is a(-15)?
8
Let d(h) = 4*h**3 - 1096*h**2 + 64680*h - 700. What is d(86)?
-12
Let v(f) = -4*f**2 - 34*f - 14. Calculate v(-11).
-124
Let g(v) = 5483*v - 3860063. Calculate g(704).
-31
Let b(c) = -2*c**3 - 244*c**2 - 262*c - 2390. Calculate b(-121).
30
Let g(c) = c**3 + 55*c**2 - 2985*c - 160686. What is g(-49)?
-15
Let i(x) = 28*x - 22. Calculate i(1).
6
Let r(m) = 2*m**3 - 1049*m**2 - 6898*m - 2656. What is r(531)?
-1
Let u(t) = t**2 + 354*t + 14306. Calculate u(-308).
138
Let q(p) = -p**2 + 1019*p + 32568. Give q(-31).
18
Let v(q) = -32730*q + 2520203. What is v(77)?
-7
Let m(t) = 6422*t + 340379. What is m(-53)?
13
Let b(u) = -12244*u + 3379338. Calculate b(276).
-6
Let w(r) = -r**3 - 34*r**2 - 285*r - 722. Calculate w(-23).
14
Let v(k) = -597*k - 16112. Calculate v(-27).
7
Let f(c) = -251*c - 39164. Determine f(-156).
-8
Let b(h) = -h**2 + 4443*h + 40112. Determine b(-9).
44
Let k(u) = 19973*u - 60938. What is k(3)?
-1019
Let p(g) = -g**3 - 132*g**2 + 712*g + 22861. Calculate p(-136).
13
Let y(a) = -27370*a + 1122171. Determine y(41).
1
Let t(o) = -2*o**2 + 1362*o - 40313. Determine t(31).
-13
Let u(w) = -13644*w + 900502. Give u(66).
-2
Let r(c) = 159*c**2 - 233*c + 74. Determine r(1).
0
Let u(s) = 1496*s**3 - 728548*s**2 - 1952*s + 1957. Determine u(487).
9
Let c(j) = -963*j - 124213. Determine c(-129).
14
Let f(y) = y**3 + 4*y**2 + 27*y - 127. What is f(6)?
395
Let w(i) = -i**2 - 601*i - 90306. Calculate w(-299).
-8
Let c(p) = p**3 - 141*p**2 + 301*p - 2733. Determine c(139).
464
Let n(m) = 2*m**3 - 1635*m**2 + 6506*m - 3. Give n(4).
-11
Let y(x) = -9*x**2 - 865*x - 14014. What is y(-76)?
-258
Let b(u) = 3436*u + 305747. What is b(-89)?
-57
Let g(u) = 40*u + 338. Determine g(-5).
138
Let t(p) = -p**3 - 40*p**2 + 2*p + 359. What is t(-40)?
279
Let h(x) = 7*x**2 - 271. What is h(-15)?
1304
Let s(h) = 29143*h - 408030. Determine s(14).
-28
Let d(l) = 2*l**2 + 42*l - 5024. Determine d(-62).
60
Let n(o) = -913*o - 13265. What is n(-15)?
430
Let j(a) = -13382*a + 454360. Give j(34).
-628
Let y(k) = -2795*k - 947236. Calculate y(-339).
269
Let m(h) = h**2 - 14*h - 605. What is m(47)?
946
Let l(x) = 2*x**2 + 358*x - 29373. What is l(-240)?
-93
Let c(s) = 59*s**2 - 3664*s + 807. Calculate c(62).
435
Let h(k) = -3*k**3 - 302*k**2 + 382*k - 2517. Give h(-102).
135
Let y(p) = p**3 - 188*p**2 - 3703*p + 98. Give y(-18).
8
Let n(f) = 625481*f + 5629342. Calculate n(-9).
13
Let h(k) = k**3 + 70*k**2 - 5*k - 596. Calculate h(3).
46
Let w(r) = 28*r**2 + 588*r. Calculate w(-20).
-560
Let b(g) = -1040*g**3 + 93*g**2 + 93*g. What is b(-1)?
1040
Let p(b) = b**3 - 79*b**2 + 74*b + 292. Calculate p(78).
-20
Let p(b) = -b**3 + 2617*b**2 + 28927*b + 185. Determine p(-11).
-24
Let u(n) = -14*n**2 - 239*n + 2227. Calculate u(-24).
-101
Let w(o) = -3*o**3 - 204*o**2 - 295*o - 6304. What is w(-67)?
-6
Let a(r) = -2*r**2 - 170*r - 2869. Give a(-23).
-17
Let d(i) = 159*i + 20789. What is d(-130)?
119
Let m(u) = 2*u**3 + 13*u**2 - 129*u - 1299. Determine m(-14).
-2433
Let z(l) = -2*l**3 - 235*l**2 + 3262*l + 1557. Give z(-130).
-3
Let f(i) = 6*i**3 + 3*i**2 - 481*i + 3472. Calculate f(7).
2310
Let a(m) = m**2 - 274*m + 18883. What is a(151)?
310
Let k(a) = -76410*a - 1375400. Determine k(-18).
-20
Let n(s) = 411*s**2 - 22*s + 12. Determine n(-1).
445
Let k(j) = 9*j**2 - 54*j - 67. What is k(7)?
-4
Let i(z) = z**3 + 74*z**2 - 300*z + 5. Give i(4).
53
Let u(o) = o**2 + 125*o + 2238. Calculate u(-89).
-966
Let o(z) = z**2 + 20009*z + 419744. Determine o(-21).
-4
Let z(p) = p**3 + 21*p**2 - p - 33. Determine z(-21).
-12
Let c(k) = 4232*k - 190559. Calculate c(45).
-119
Let l(b) = -b**3 - 10*b**2 + 25*b + 415. Give l(-11).
261
Let o(g) = -g**3 + 6*g**2 - 137*g - 533. Calculate o(-4).
175
Let i(q) = -q**3 + 19*q**2 - 46*q + 391. Give i(17).
187
Let y(b) = b**2 + 2725*b - 19053. What is y(7)?
71
Let z(w) = 28108*w - 337309. Determine z(12).
-13
Let n(r) = -21*r**3 + 192*r**2 - 4*r - 201. Determine n(9).
6
Let t(u) = 2*u**2 - 122*u - 4. Calculate t(53).
-852
Let u(s) = -s**2 + 347*s + 32643. Determine u(-77).
-5
Let t(y) = -126*y + 6296. Calculate t(56).
-760
Let y(i) = 11*i**2 - 565*i - 155654. Determine y(-96).
-38
Let v(z) = 7*z**2 - 156*z - 176. What is v(18)?
-716
Let q(m) = m**3 - 48*m**2 - 10. What is q(48)?
-10
Let q(d) = d**3 - 56*d**2 + 564*d - 242. Determine q(43).
-27
Let s(v) = -23*v**2 - 60*v + 228. What is s(4)?
-380
Let w(h) = 97057*h - 388216. What is w(4)?
12
Let u(o) = 5366*o + 166449. Give u(-31).
103
Let v(b) = 2542*b + 7890. Calculate v(-3).
264
Let q(f) = 10168*f - 50885. Give q(5).
-45
Let x(g) = g**3 + 202*g**2 + 5162*g + 367. What is x(-172)?
23
Let p(h) = h**3 + 171*h**2 + 628*h - 6715. Give p(-167).
-35
Let r(y) = -y**2 + 724*y + 149113. Determine r(-167).
316
Let f(v) = -7*v**2 - 922*v - 4185. Give f(-127).
6
Let r(j) = j**2 + 72*j - 582. Give r(-21).
-1653
Let g(d) = -39071*d - 351646. Give g(-9).
-7
Let d(c) = -c**2 + 223*c - 5494. Give d(29).
132
Let d(g) = 17*g**3 + 579*g**2 + 12*g - 845. Calculate d(-34).
-97
Let p(t) = 5*t**3 - 18*t**2 + 81*t - 110. Calculate p(3).
106
Let z(h) = -4*h**3 + 59*h**2 + 69*h + 82. Calculate z(16).
-94
Let r(i) = 1900*i + 13280. What is r(-7)?
-20
Let v(i) = -4*i**3 - 301*i**2 + 2902*i + 3202. What is v(-1)?
3
Let n(v) = -v**3 - 27*v**2 + 19*v + 161. Calculate n(-20).
-3019
Let p(g) = 3*g**2 + 899*g - 58364. What is p(55)?
156
Let s(c) = c**2 + 62102*c + 1055437. Determine s(-17).
-8
Let g(n) = 2*n**3 + 98*n**2 + 215*n + 6136. Calculate g(-48).
424
Let n(f) = f**2 + 2504*f - 45343. What is n(18)?
53
Let l(p) = -13*p**3 + 14*p**2 - 122*p - 293. Calculate l(-2).
111
Let w(n) = 25*n**3 - 5225*n**2 + 80*n - 16725. Give w(209).
-5
Let r(n) = 6*n**3 - 18*n**2 + 33*n - 237. Determine r(4).
-9
Let m(o) = 3366*o - 545298. Give m(162).
-6
Let y(i) = -1118525*i + 7829683. What is y(7)?
8
Let d(v) = -v**3 - 7*v**2 - 74433*v - 521016. Calculate d(-7).
15
Let k(r) = -922*r + 41959. Calculate k(45).
469
Let d(r) = -5*r**3 - 11*r**2 + 794*r + 2397. Determine d(-3).
51
Let x(p) = -2670*p - 26821. Give x(-10).
-121
Let q(f) = -390*f**2 - 4931*f - 2996. Give q(-12).
16
Let t(k) = 1975*k**2 + 728774*k - 368. Determine t(-369).
1
Let h(d) = -2*d**3 - 2186*d**2 - 57542*d + 23446. Calculate h(-1066).
-6
Let d(y) = -y**2 - 32061*y + 2861355. What is d(89)?
5
Let l(y) = -11395*y**2 - 113986*y - 12. Determine l(-10).
348
Let c(v) = 57125*v + 37016986. Calculate c(-648).
-14
Let x(s) = -19*s**2 - 989*s + 12762. Determine x(11).
-416
Let j(c) = c**3 - 34*c**2 + 38*c + 1168. Calculate j(-5).
3
Let y(n) = -25*n**2 + 139*n - 93. Give y(7).
-345
Let w(q) = -7*q**2 - 1402*q - 2. Determine w(0).
-2
Let a(d) = 2*d**2 + 96251*d + 481255. Give a(-5).
50
Let f(c) = c**3 - 26*c**2 - 2649*c + 78660. Determine f(32).
36
Let q(w) = w**3 - 214*w**2 - 2538*w - 702. What is q(-11)?
-9
Let t(d) = 3*d**3 + 64*d**2 - 167*d + 430. Calculate t(-24).
-170
Let l(v) = -171*v + 6559. Give l(49).
-1820
Let g(c) = -249*c**2 + 260*c - 7. Calculate g(1).
4
Let g(o) = -o**3 - 22*o**2 + 103*o - 1214. Determine g(-27).
-350
Let r(k) = 8*k**2 - 498*k + 1422. Calculate r(3).
0
Let z(l) = -35666*l - 1462299. Give z(-41).
7
Let y(q) = -781*q**2 - 1537*q + 48